[INFO] fetching crate softfloat-wrapper 0.1.1...
[INFO] checking softfloat-wrapper-0.1.1 against try#72f88fc4e9458f89516a0b8b0868f3718aec5b47 for pr-74989
[INFO] extracting crate softfloat-wrapper 0.1.1 into /workspace/builds/worker-9/source
[INFO] validating manifest of crates.io crate softfloat-wrapper 0.1.1 on toolchain 72f88fc4e9458f89516a0b8b0868f3718aec5b47
[INFO] running `Command { std: "/workspace/cargo-home/bin/cargo" "+72f88fc4e9458f89516a0b8b0868f3718aec5b47" "read-manifest" "--manifest-path" "Cargo.toml", kill_on_drop: false }`
[INFO] started tweaking crates.io crate softfloat-wrapper 0.1.1
[INFO] finished tweaking crates.io crate softfloat-wrapper 0.1.1
[INFO] tweaked toml for crates.io crate softfloat-wrapper 0.1.1 written to /workspace/builds/worker-9/source/Cargo.toml
[INFO] running `Command { std: "/workspace/cargo-home/bin/cargo" "+72f88fc4e9458f89516a0b8b0868f3718aec5b47" "generate-lockfile" "--manifest-path" "Cargo.toml" "-Zno-index-update", kill_on_drop: false }`
[INFO] running `Command { std: "/workspace/cargo-home/bin/cargo" "+72f88fc4e9458f89516a0b8b0868f3718aec5b47" "fetch" "--locked" "--manifest-path" "Cargo.toml", kill_on_drop: false }`
[INFO] [stderr]  Downloading crates ...
[INFO] [stderr]   Downloaded algebraics v0.1.2
[INFO] [stderr]   Downloaded cc-version v0.1.0
[INFO] [stderr]   Downloaded simple-soft-float v0.1.0
[INFO] [stderr]   Downloaded c99 v0.1.1
[INFO] [stderr]   Downloaded softfloat-sys v0.1.2
[INFO] running `Command { std: "docker" "create" "-v" "/var/lib/crater-agent-workspace/builds/worker-9/target:/opt/rustwide/target:rw,Z" "-v" "/var/lib/crater-agent-workspace/builds/worker-9/source:/opt/rustwide/workdir:ro,Z" "-v" "/var/lib/crater-agent-workspace/cargo-home:/opt/rustwide/cargo-home:ro,Z" "-v" "/var/lib/crater-agent-workspace/rustup-home:/opt/rustwide/rustup-home:ro,Z" "-e" "SOURCE_DIR=/opt/rustwide/workdir" "-e" "CARGO_TARGET_DIR=/opt/rustwide/target" "-e" "CARGO_HOME=/opt/rustwide/cargo-home" "-e" "RUSTUP_HOME=/opt/rustwide/rustup-home" "-w" "/opt/rustwide/workdir" "-m" "1610612736" "--user" "0:0" "--network" "none" "rustops/crates-build-env@sha256:d92eaeed33fa75130ca1ee6c8a01d1ffb62bac859dfdfb3450e3e5d1c0146529" "/opt/rustwide/cargo-home/bin/cargo" "+72f88fc4e9458f89516a0b8b0868f3718aec5b47" "metadata" "--no-deps" "--format-version=1", kill_on_drop: false }`
[INFO] [stderr] WARNING: Your kernel does not support swap limit capabilities or the cgroup is not mounted. Memory limited without swap.
[INFO] [stdout] 6f73bc5cb0238d1068a53b913b166edcdf11f94d9e74af5efa6ca92f2d2fbf1e
[INFO] running `Command { std: "docker" "start" "-a" "6f73bc5cb0238d1068a53b913b166edcdf11f94d9e74af5efa6ca92f2d2fbf1e", kill_on_drop: false }`
[INFO] running `Command { std: "docker" "inspect" "6f73bc5cb0238d1068a53b913b166edcdf11f94d9e74af5efa6ca92f2d2fbf1e", kill_on_drop: false }`
[INFO] running `Command { std: "docker" "rm" "-f" "6f73bc5cb0238d1068a53b913b166edcdf11f94d9e74af5efa6ca92f2d2fbf1e", kill_on_drop: false }`
[INFO] [stdout] 6f73bc5cb0238d1068a53b913b166edcdf11f94d9e74af5efa6ca92f2d2fbf1e
[INFO] running `Command { std: "docker" "create" "-v" "/var/lib/crater-agent-workspace/builds/worker-9/target:/opt/rustwide/target:rw,Z" "-v" "/var/lib/crater-agent-workspace/builds/worker-9/source:/opt/rustwide/workdir:ro,Z" "-v" "/var/lib/crater-agent-workspace/cargo-home:/opt/rustwide/cargo-home:ro,Z" "-v" "/var/lib/crater-agent-workspace/rustup-home:/opt/rustwide/rustup-home:ro,Z" "-e" "SOURCE_DIR=/opt/rustwide/workdir" "-e" "CARGO_TARGET_DIR=/opt/rustwide/target" "-e" "CARGO_INCREMENTAL=0" "-e" "RUST_BACKTRACE=full" "-e" "RUSTFLAGS=--cap-lints=forbid" "-e" "CARGO_HOME=/opt/rustwide/cargo-home" "-e" "RUSTUP_HOME=/opt/rustwide/rustup-home" "-w" "/opt/rustwide/workdir" "-m" "1610612736" "--user" "0:0" "--network" "none" "rustops/crates-build-env@sha256:d92eaeed33fa75130ca1ee6c8a01d1ffb62bac859dfdfb3450e3e5d1c0146529" "/opt/rustwide/cargo-home/bin/cargo" "+72f88fc4e9458f89516a0b8b0868f3718aec5b47" "check" "--frozen" "--all" "--all-targets" "--message-format=json", kill_on_drop: false }`
[INFO] [stdout] 81c7debeca0c9c89bbfa45135daf0bc64e750960408d177bca0fd5670d3640ec
[INFO] [stderr] WARNING: Your kernel does not support swap limit capabilities or the cgroup is not mounted. Memory limited without swap.
[INFO] running `Command { std: "docker" "start" "-a" "81c7debeca0c9c89bbfa45135daf0bc64e750960408d177bca0fd5670d3640ec", kill_on_drop: false }`
[INFO] [stderr]    Compiling cc v1.0.59
[INFO] [stderr]    Compiling libc v0.2.77
[INFO] [stderr]    Compiling c99 v0.1.1
[INFO] [stderr]     Checking lazy_static v1.4.0
[INFO] [stderr]    Compiling num-integer v0.1.43
[INFO] [stderr]    Compiling num-bigint v0.2.6
[INFO] [stderr]    Compiling num-rational v0.2.4
[INFO] [stderr]     Checking rand_core v0.3.1
[INFO] [stderr]    Compiling syn v1.0.40
[INFO] [stderr]     Checking rand v0.5.6
[INFO] [stderr]     Checking algebraics v0.1.2
[INFO] [stderr]    Compiling thiserror-impl v1.0.20
[INFO] [stdout] error[E0658]: use of unstable library feature 'trusted_random_access'
[INFO] [stdout]    --> /opt/rustwide/cargo-home/registry/src/github.com-1ecc6299db9ec823/algebraics-0.1.2/src/array2d.rs:607:27
[INFO] [stdout]     |
[INFO] [stdout] 607 |                 Some(self.get_unchecked(x, y))
[INFO] [stdout]     |                           ^^^^^^^^^^^^^
[INFO] [stdout] ...
[INFO] [stdout] 668 | impl_positions_wrapper!(('a, T), IterWithPositions, ((usize, usize), &'a T));
[INFO] [stdout]     | ----------------------------------------------------------------------------- in this macro invocation
[INFO] [stdout]     |
[INFO] [stdout]     = help: add `#![feature(trusted_random_access)]` to the crate attributes to enable
[INFO] [stdout]     = note: this error originates in a macro (in Nightly builds, run with -Z macro-backtrace for more info)
[INFO] [stdout] 
[INFO] [stdout] 
[INFO] [stdout] error[E0061]: this function takes 1 argument but 2 arguments were supplied
[INFO] [stdout]    --> /opt/rustwide/cargo-home/registry/src/github.com-1ecc6299db9ec823/algebraics-0.1.2/src/array2d.rs:607:27
[INFO] [stdout]     |
[INFO] [stdout] 607 |                 Some(self.get_unchecked(x, y))
[INFO] [stdout]     |                           ^^^^^^^^^^^^^ -  - supplied 2 arguments
[INFO] [stdout]     |                           |
[INFO] [stdout]     |                           expected 1 argument
[INFO] [stdout] ...
[INFO] [stdout] 668 | impl_positions_wrapper!(('a, T), IterWithPositions, ((usize, usize), &'a T));
[INFO] [stdout]     | ----------------------------------------------------------------------------- in this macro invocation
[INFO] [stdout]     |
[INFO] [stdout]     = note: this error originates in a macro (in Nightly builds, run with -Z macro-backtrace for more info)
[INFO] [stdout] 
[INFO] [stdout] 
[INFO] [stdout] error[E0277]: the trait bound `IterWithPositions<'a, T>: TrustedRandomAccess` is not satisfied
[INFO] [stdout]    --> /opt/rustwide/cargo-home/registry/src/github.com-1ecc6299db9ec823/algebraics-0.1.2/src/array2d.rs:607:27
[INFO] [stdout]     |
[INFO] [stdout] 607 |                 Some(self.get_unchecked(x, y))
[INFO] [stdout]     |                           ^^^^^^^^^^^^^ the trait `TrustedRandomAccess` is not implemented for `IterWithPositions<'a, T>`
[INFO] [stdout] ...
[INFO] [stdout] 668 | impl_positions_wrapper!(('a, T), IterWithPositions, ((usize, usize), &'a T));
[INFO] [stdout]     | ----------------------------------------------------------------------------- in this macro invocation
[INFO] [stdout]     |
[INFO] [stdout]     = note: this error originates in a macro (in Nightly builds, run with -Z macro-backtrace for more info)
[INFO] [stdout] 
[INFO] [stdout] 
[INFO] [stdout] error[E0658]: use of unstable library feature 'trusted_random_access'
[INFO] [stdout]    --> /opt/rustwide/cargo-home/registry/src/github.com-1ecc6299db9ec823/algebraics-0.1.2/src/array2d.rs:607:27
[INFO] [stdout]     |
[INFO] [stdout] 607 |                 Some(self.get_unchecked(x, y))
[INFO] [stdout]     |                           ^^^^^^^^^^^^^
[INFO] [stdout] ...
[INFO] [stdout] 725 | impl_positions_wrapper!(('a, T), Iter, &'a T);
[INFO] [stdout]     | ---------------------------------------------- in this macro invocation
[INFO] [stdout]     |
[INFO] [stdout]     = help: add `#![feature(trusted_random_access)]` to the crate attributes to enable
[INFO] [stdout]     = note: this error originates in a macro (in Nightly builds, run with -Z macro-backtrace for more info)
[INFO] [stdout] 
[INFO] [stdout] 
[INFO] [stdout] error[E0061]: this function takes 1 argument but 2 arguments were supplied
[INFO] [stdout]    --> /opt/rustwide/cargo-home/registry/src/github.com-1ecc6299db9ec823/algebraics-0.1.2/src/array2d.rs:607:27
[INFO] [stdout]     |
[INFO] [stdout] 607 |                 Some(self.get_unchecked(x, y))
[INFO] [stdout]     |                           ^^^^^^^^^^^^^ -  - supplied 2 arguments
[INFO] [stdout]     |                           |
[INFO] [stdout]     |                           expected 1 argument
[INFO] [stdout] ...
[INFO] [stdout] 725 | impl_positions_wrapper!(('a, T), Iter, &'a T);
[INFO] [stdout]     | ---------------------------------------------- in this macro invocation
[INFO] [stdout]     |
[INFO] [stdout]     = note: this error originates in a macro (in Nightly builds, run with -Z macro-backtrace for more info)
[INFO] [stdout] 
[INFO] [stdout] 
[INFO] [stdout] error[E0277]: the trait bound `array2d::Iter<'a, T>: TrustedRandomAccess` is not satisfied
[INFO] [stdout]    --> /opt/rustwide/cargo-home/registry/src/github.com-1ecc6299db9ec823/algebraics-0.1.2/src/array2d.rs:607:27
[INFO] [stdout]     |
[INFO] [stdout] 607 |                 Some(self.get_unchecked(x, y))
[INFO] [stdout]     |                           ^^^^^^^^^^^^^ the trait `TrustedRandomAccess` is not implemented for `array2d::Iter<'a, T>`
[INFO] [stdout] ...
[INFO] [stdout] 725 | impl_positions_wrapper!(('a, T), Iter, &'a T);
[INFO] [stdout]     | ---------------------------------------------- in this macro invocation
[INFO] [stdout]     |
[INFO] [stdout]     = note: this error originates in a macro (in Nightly builds, run with -Z macro-backtrace for more info)
[INFO] [stdout] 
[INFO] [stdout] 
[INFO] [stdout] error: aborting due to 6 previous errors
[INFO] [stdout] 
[INFO] [stdout] 
[INFO] [stdout] Some errors have detailed explanations: E0061, E0277, E0658.
[INFO] [stdout] 
[INFO] [stdout] For more information about an error, try `rustc --explain E0061`.
[INFO] [stdout] 
[INFO] [stderr] error: could not compile `algebraics`.
[INFO] [stderr] 
[INFO] [stderr] To learn more, run the command again with --verbose.
[INFO] [stderr] warning: build failed, waiting for other jobs to finish...
[INFO] [stderr] error: build failed
[INFO] running `Command { std: "docker" "inspect" "81c7debeca0c9c89bbfa45135daf0bc64e750960408d177bca0fd5670d3640ec", kill_on_drop: false }`
[INFO] running `Command { std: "docker" "rm" "-f" "81c7debeca0c9c89bbfa45135daf0bc64e750960408d177bca0fd5670d3640ec", kill_on_drop: false }`
[INFO] [stdout] 81c7debeca0c9c89bbfa45135daf0bc64e750960408d177bca0fd5670d3640ec
